. Let l = 218 + b. What is the greatest common factor of 216 and l?
54
Suppose 121*r = 133*r - 10872. What is the highest common divisor of 151 and r?
151
Let y(f) = 3*f**3 - 12*f**2 - 101*f + 51. Let t be y(8). Suppose k - 220 = -3*k. Calculate the greatest common factor of k and t.
11
Let q be 2/(-9) - (-13720)/(-63). Let y = 687 + q. Calculate the highest common divisor of y and 67.
67
Let d = 10 - 3. Let y = 11 - d. Let z(s) = 395*s - 391. Let b be z(1). What is the highest common divisor of y and b?
4
Suppose -4*x - 4*t = -2372, -385 = 2*x - t - 1562. What is the greatest common factor of 50 and x?
10
Let i(x) = x**2 + 5*x + 137. Let f be i(-8). What is the highest common factor of 253 and f?
23
Let c(b) = -9*b + 34. Let u be c(4). Let r be 84/12*(4 - u). Calculate the highest common factor of r and 24.
6
Let k be 0 + 66 + -2 + -1. Suppose 2*j = -2*n + 19 + k, 3*n - j = 103. Suppose -5*s + n = -s. What is the greatest common factor of 81 and s?
9
Let u(h) = -h**2 + 24*h + 1147. Let g be u(36). What is the highest common divisor of g and 325?
65
Let p be (3 + -4)/((-1)/136). Let m be 17/7 - 4/(-7). Suppose 0 = -2*r - y + 29, -2 - m = y. Calculate the greatest common divisor of r and p.
17
Let g(u) = -u**3 - 11*u**2 - 33*u + 9. Let p be g(-6). Suppose p*f = f + 4680. Calculate the greatest common factor of 60 and f.
60
Suppose 0 = -4*o + 5*n + 1489, 6*o = 4*o + 5*n + 757. Calculate the greatest common factor of o and 976.
122
Let b = -138 - -140. Suppose -15*x = b*x - 238. Suppose -2 = n - 2*n, 2*s = 5*n + 214. Calculate the highest common divisor of s and x.
14
Let s(d) = 68*d - 47. Suppose -4*m + 62 = 46. Let n be s(m). Calculate the highest common factor of 90 and n.
45
Let t(d) = d**3 + 14*d**2 - 11*d - 60. Let r be t(-4). Calculate the greatest common factor of 162 and r.
18
Let b(h) = 6*h**2 + 222*h + 244*h + 9 - 449*h. Let l be b(-6). Calculate the highest common factor of l and 164.
41
Let w = -4410 - -4446. Calculate the greatest common divisor of w and 568.
4
Suppose 0 = 2*s - 2*y + 14, 2 = -5*y - 13. Let r(j) = -j**2 - 9*j + 65. Let z be r(s). Calculate the greatest common divisor of z and 33.
11
Suppose a - 5*g = 189, -455 = -4*g - 463. Calculate the highest common divisor of 17184 and a.
179
Let b be (-5 - -1)*-1 - (7 - 6). Suppose -4*x = 2*q - 78, x + b*q - 13 = 4. What is the highest common divisor of x and 340?
20
Let d(u) = 113*u**2 - 12 + 16*u - 101*u**2 - 2*u**3 - 2 + u**3. Let c be d(13). What is the highest common factor of c and 25?
25
Suppose 5*q - 54 = 2*q. Let m be 3 - ((-24)/(-1))/(9/q). Let v = m - -309. Calculate the greatest common factor of 24 and v.
24
Let x(g) = -35*g - 338. Let c be x(-10). Let h(w) = 867*w**2 - 6*w + 3. Let d be h(1). What is the highest common divisor of d and c?
12
Let i(l) = 5*l**2 + l - 1. Let q be i(1). Suppose -3*m = -q*j + 289, 3*j - 5*m = 23 + 160. Calculate the highest common divisor of 7 and j.
7
Suppose 3*x = i + 195, -i - 16 = 4*x - 283. Suppose -40*q - x = -43*q. What is the highest common divisor of q and 176?
22
Let a be (-4416)/(-36) + 12/(-18). Calculate the highest common factor of 2623 and a.
61
Suppose -3*v - 6 = 0, 3*v - 267 = -2*m + 1357. What is the highest common divisor of 2771 and m?
163
Suppose 25*s - 53*s = -33*s + 12000. What is the greatest common divisor of s and 180?
60
Let f = 28 + 158. Let x = 291 - f. Calculate the greatest common divisor of x and 63.
21
Let z(c) = 1438*c + 437. Let o be z(0). What is the greatest common factor of o and 1463?
19
Let p be 564/(-57) + 4 + (-6)/57. Let t(l) = l**3 + 9*l**2 + 13*l + 9. Let i be t(p). What is the greatest common factor of 91 and i?
13
Let b be 1 + 28/(2 - 0). Suppose -3*w + 11 = 2*h, 121 - 250 = 6*w - 111. Calculate the highest common divisor of b and h.
5
Suppose -30 = 137*i - 135*i. Let j be ((-474)/30 + 5)/(6/i). What is the highest common divisor of j and 189?
27
Let f(k) = -k**2 + 7*k - 5. Let l be f(7). Let h = l - -19. Suppose 0 = -4*t + h + 18. What is the greatest common factor of t and 88?
8
Let a = 284 + -515. Let z = -1128 + 1016. Let q = z - a. Calculate the greatest common divisor of q and 17.
17
Let u be 148*-7*(-5)/70. Let y = -57 + u. What is the greatest common factor of y and 425?
17
Let b be (-30)/(-20)*(2 + 2). Suppose -n = -b*n + 4*f + 550, n - 111 = f. What is the highest common divisor of 159 and n?
53
Suppose 26*y = -22*y + 128448. Calculate the greatest common factor of 12 and y.
12
Let g(j) = 76*j**3 + 3*j**2 + 2*j - 4. Suppose 328 = 5*c + 323. Let a be g(c). Calculate the highest common factor of a and 7.
7
Suppose 4*k - 6*n = -n + 493, -4*n = -3*k + 368. Calculate the greatest common factor of k and 9075.
33
Let k(d) = -2*d**3 + 24*d**2 + 133*d + 55. Let g be k(-20). What is the highest common factor of g and 35?
35
Suppose 10*s - 2013 = 5*s + b, 4*s + 3*b = 1618. Suppose -4*c = -118 - 6. What is the greatest common divisor of s and c?
31
Let m be (-77)/7 - (-6 - -2) - -1187. Calculate the highest common factor of 230 and m.
10
Suppose -12*b - 13810 = -370. Let h be 2/6 - b/6. What is the greatest common factor of 17 and h?
17
Let i be (10 - (828 + -6))*(-5)/2. Let v = 2936 - i. Calculate the highest common factor of v and 6.
6
Let m = 93 - 93. Let j be (-64)/(-8) + -6 - (m + -15). Let y = 17 - -51. Calculate the greatest common factor of j and y.
17
Let y(z) = -722*z + 2890. Let l be y(4). Let t = 12 - 7. What is the highest common factor of l and t?
1
Suppose 5*i = 5*b - 50, -14*b - 2 = -13*b + 3*i. What is the greatest common factor of b and 25438?
7
Let p(r) = -18*r + 5. Let z be p(15). Let x = z - -675. Calculate the greatest common divisor of x and 328.
82
Let n be (3 + 1)*(14 + 11 + -13). Suppose 2*v + c = 670, 0 = -4*v + 3*c - 0*c + 1350. What is the greatest common factor of n and v?
48
Let r be (-4250)/(-24) + -1 + -8 + 963/108. What is the greatest common divisor of 1121 and r?
59
Let c(u) = -40 + 73 + 76 + u + 12 + 42. Let f be c(26). Calculate the highest common factor of f and 36.
9
Suppose 5 = z, -i + 2*z - 4*z + 13 = 0. Let r = 32 + -31. Suppose 0 = 2*u - i*j + r, 2*j - 3 = -0*u - u. What is the highest common factor of u and 5?
1
Let t(i) = 43*i - 12. Let c be t(2). Suppose -2*s - h + c = 0, 10*h = 7*h + 6. What is the highest common divisor of 576 and s?
36
Let r be ((-40)/150)/(38/(-2565)). What is the greatest common factor of r and 3498?
6
Let f(g) = 3*g**2 - 44*g + 33. Let q be f(45). Calculate the greatest common factor of 24 and q.
24
Suppose -20 = 37*q - 42*q, 0 = f + 2*q - 8. Suppose -5*g + 1345 + 515 = f. What is the highest common factor of 24 and g?
12
Suppose -4*l = -3*h - 3*l + 55, 82 = 4*h + 3*l. Let p = 89 + -86. Suppose 5*d = -p*v + 110, -3*d - 2*d = -v - 90. What is the highest common factor of d and h?
19
Let m be -10*(-9)/495 + (-2240)/(-22). Suppose -30*a = -27*a - m. Calculate the highest common divisor of a and 374.
34
Let k(o) = 397*o + 68. Let x be k(17). Calculate the greatest common divisor of 17 and x.
17
Let o(l) = l**2 + 32*l - 20. Let x be o(-23). Let d = x - -248. What is the greatest common divisor of d and 168?
21
Suppose 8*n + 544 = 16*n + 4*a, 72 = n + a. Suppose 0 = -2*l + 50 + 110. Calculate the greatest common factor of l and n.
16
Let q(g) = 79*g + 944. Let o be q(27). What is the highest common factor of o and 272?
17
Let s = -49 - -97. Suppose 25*c - s = 27*c. Let b be (-837)/c + 2/16. Calculate the highest common divisor of b and 175.
35
Let l(x) = -8*x - 32. Let z be l(-15). Let q(a) = 40*a + 1255. Let j be q(-30). What is the greatest common factor of z and j?
11
Let g = -20445 - -20895. What is the highest common divisor of g and 1845?
45
Suppose 4*j - 14 = 70. Let y = j + -8. Suppose 0 = 8*g - 1259 + 115. What is the highest common factor of y and g?
13
Let g = 153 - 151. Suppose 3*i - n - 98 = -0*n, 83 = 3*i + g*n. Calculate the highest common divisor of 589 and i.
31
Let w = 52 + -29. Let m = 31 + w. Let j = m - 26. Calculate the highest common factor of 224 and j.
28
Suppose 27 = 5*u - 68. Suppose -3*p + u*p - 1312 = 0. Calculate the highest common factor of 287 and p.
41
Suppose -163*l + 624 = -147*l. What is the highest common divisor of l and 39?
39
Let j be 1 - (6 - -3) - -203. Let y = -181 + j. What is the 